he tens digit of (-1911)/(-182)*((-1502)/(-6) + -1)?
1
What is the thousands digit of (-1)/(-11) + (-473)/(-121) - -2701?
2
Let x = 13 - 10. Let k be 9/x + 2/1. Suppose h - k*h + 24 = 0. What is the units digit of h?
6
What is the tens digit of (-3)/7 + ((-157)/(-7) - -2)?
2
Let l = 196 + 144. What is the tens digit of l?
4
Let v(s) = -s**2 - 6*s + 4. Let g be v(-7). What is the tens digit of ((-17)/2 - g)*-3*2?
3
Suppose 4*w = -12, 3*f + f = -w + 4721. What is the thousands digit of f?
1
Let a be 6*(-1)/(-3) + 3. Suppose a*z + 145 - 5 = 4*u, 140 = 3*u + 5*z. What is the tens digit of u?
4
Let r = 479 - 296. What is the tens digit of r?
8
Let t(q) = -q**3 - 3*q**2 + 4*q + 4. Let a be t(-4). What is the units digit of (34/a)/((-9)/6 + 2)?
7
Suppose -6 = -2*u - n, 3*u + n - 9 = -n. Suppose 3*r - 40 = -3*b + 98, -r = u*b - 50. What is the units digit of r?
4
Suppose 5*f - 3*n - 1473 = 0, -f + 281 = -6*n + 2*n. Suppose -3*s = r - 214, -2*r - f = -4*s - r. What is the units digit of s?
3
Suppose 174 = 2*g + 3*d, -5*d = g + 4*g - 440. Suppose -g = 51*u - 52*u. What is the tens digit of u?
9
Let z = 45 + -43. Suppose -5*a + 368 + z = 0. What is the units digit of a?
4
What is the tens digit of 2/(-2) + 731 + (82 - 76)?
3
Let v(h) = h**3 - 6*h**2 + 5*h - 1. Suppose 4*z = -3 - 1, -f = -5*z - 9. Let g(u) = u**2 - 4*u + 6. Let o be g(f). What is the units digit of v(o)?
9
Suppose s - 2*q = 1956, s + 16*q = 11*q + 1956. What is the thousands digit of s?
1
Suppose 13*w - 18140 + 5504 = 0. What is the tens digit of w?
7
Suppose -4*x + 5*x = -2*r + 46, r - 5*x - 12 = 0. Let n be (-4)/(-6)*363/r. Let p = 41 - n. What is the tens digit of p?
3
Suppose -7*y - 4 = -3*y. Let b(z) = -47*z**3 - z**2 - 2*z - 1. What is the units digit of b(y)?
7
Let s(z) = -z**2 + 68*z + 27. What is the tens digit of s(50)?
2
Let d be -1*(2 + -27)*(-24)/15. What is the hundreds digit of (30/d)/(2/(-720))?
2
Suppose 53*y - 56*y + 6 = 0, 5*n - 19136 = -3*y. What is the units digit of n?
6
Let r = 81 + -58. Let a = -179 + 247. Suppose -5*y + a = r. What is the units digit of y?
9
Let y(s) = s**3 - 13*s**2 - 9*s - 33. Let x be y(14). Let q = 42 - x. What is the units digit of q?
5
Let f(y) = 6*y**2 + 8*y + 9. Let b(v) = 5*v**2 + 7*v + 8. Let q(s) = 5*b(s) - 4*f(s). What is the tens digit of q(12)?
8
Let a(m) = -m**3 - m + 1. Let z(o) = o**3 + 9*o**2 + 13*o - 2. Let q(l) = 2*a(l) + z(l). Let t = 18 - 8. What is the units digit of q(t)?
0
What is the hundreds digit of 2 + -1 + -25 + 20 + 119?
1
Let j(g) = -10*g + 5*g**2 - 3*g**2 - 105*g**3 - 6 + 106*g**3. What is the units digit of j(-4)?
2
Let u be (-2)/(-3)*(-198)/(-44). Suppose u*s - 130 = -10. What is the units digit of s?
0
Let n(x) be the first derivative of x**3/3 + 10*x + 8. What is the units digit of n(9)?
1
Let q = 33 - 51. Let f = -50 - q. Let h = 64 + f. What is the tens digit of h?
3
Let r(x) = -3*x + 4. Let s = -2 + -6. What is the tens digit of r(s)?
2
Let u(l) be the second derivative of l**3/6 - 5*l**2/2 - 3*l. Let c be u(7). Suppose 3*d - 73 - c = 0. What is the tens digit of d?
2
Let o(g) = -g**3 - 11*g**2 - 9*g + 39. What is the hundreds digit of o(-12)?
2
Suppose 113*j + 984 = 115*j. What is the hundreds digit of j?
4
Let o = -215 - -793. What is the hundreds digit of o?
5
Suppose 5*w - 24 = -9. Suppose -2*p + w*p = 3*r + 224, 2*r + 6 = 0. What is the hundreds digit of p?
2
Let c be (-2)/3 + (-33)/(-9). Let u = 8 - c. Suppose -129 = -0*r - 4*r - 3*i, 3*r - u*i = 104. What is the units digit of r?
3
Let z(b) be the first derivative of b**2/2 - b - 9. Let u be z(5). Suppose -5*y = u - 59. What is the tens digit of y?
1
Let a be (68/4 - -2)*1137. What is the hundreds digit of a/133 - (-1 - 10/(-7))?
1
Suppose 2*l + 2 = 20. Suppose -7 = -3*h - 4. What is the units digit of (l - h)*6/4?
2
Let s(j) = -56*j - 7. What is the hundreds digit of s(-9)?
4
Let x = -7 + 12. Suppose 5*o + 13 + 877 = 4*j, -x*o + j - 890 = 0. What is the tens digit of (-2)/3 + o/(-6)?
2
Let m(i) = 2*i**3 + 3*i**2 - 2*i + 5. Let x be m(-3). Let a(q) = q**2 + 13*q + 50. What is the tens digit of a(x)?
9
Suppose -2*m = m. Suppose 4*t = -5*i + 27, -t + 2*t + 3*i - 12 = m. Let k(z) = 2*z**2 - 4*z + 4. What is the units digit of k(t)?
0
Suppose -2*u = 2*u - 3*i - 947, -471 = -2*u - i. Suppose 0 = -2*t - 2*t + u. What is the units digit of t?
9
Suppose 5*y + 7 + 8 = 0. Let g = 6 - y. Let n = g + -2. What is the units digit of n?
7
Let s be ((0/(-4))/(-1))/(-1). Suppose n - 5*v - 13 = -s*n, 2*v = -2*n - 10. What is the tens digit of n/12 + 1516/24?
6
Suppose -12*b = -14*b + 8. Suppose b*a - o - 404 = o, -a + 98 = o. What is the hundreds digit of a?
1
Suppose 4*a = 6*a + 392. What is the units digit of (-11)/(121/a) + (-4)/(-22)?
8
Suppose 4*r = -5*z + 17 + 258, -4*r = -20. What is the tens digit of z?
5
Let d be ((-630)/(-4))/(28/8 + -3). Suppose -w - 96 = -d. What is the hundreds digit of w?
2
Let a(z) = -3*z - 3. Let q be a(-2). Suppose m = -m - q*g, -3*g = -4*m + 18. Suppose -y = m*y - 84. What is the units digit of y?
1
Let v(z) be the third derivative of -8*z**4/3 + 7*z**3/6 - 54*z**2. What is the units digit of v(-2)?
5
Suppose -5*o = -21*o + 1392. What is the tens digit of o?
8
Suppose -5344 = -5*g + y, 0*y - 3 = -3*y. What is the hundreds digit of g?
0
Suppose 5*j + 548 = j. Let u = j - -360. What is the tens digit of u?
2
Let v be -2*2/(-8)*-6. Let b = 207 + -238. Let x = v - b. What is the units digit of x?
8
Let z be 2 - (1 + 0) - (-10 + 6). Suppose -z*r = 38 - 683. What is the tens digit of r?
2
Let t be 4/(-6) + 3/((-36)/(-5300)). Suppose t = l + 6*l. What is the units digit of l?
3
Suppose 2*a = -2, -a - 176 = -2*l + 3*a. Let m = 150 - l. What is the tens digit of m?
6
Let l = -12 + 14. Let y(q) = -q**3 + 3*q**2 - 2*q + 3. Let f be y(l). Suppose f*v = 7*v - 60. What is the tens digit of v?
1
Suppose -2*y - 8 = 0, 7*a - 334 = 4*a - 2*y. Let i = 345 - a. What is the tens digit of i?
3
Suppose -3*m - 5*j + 10*j = -14, -5*m = -5*j - 20. Suppose -5 = -c, -5*r + 5*c - 35 = -m*r. What is the units digit of (r - -7) + (-17)/(-1)?
9
Let k = -30 + 162. Let s = k - 42. What is the units digit of (s/24)/((-1)/(-4))?
5
What is the thousands digit of ((-2727)/(-12))/(1089/120 + -9)?
3
Let w = -81 - -90. Let q(c) = c**2 - 12*c + 28. What is the units digit of q(w)?
1
Let n(m) = -m**2 + 9*m. Let l be n(9). Suppose 8 = 5*z - z. Suppose -2*f - 2 = y, z*y - 4*y + f + 21 = l. What is the units digit of y?
8
Let o = -21 + 28. Let c(v) = 8*v - 22. What is the tens digit of c(o)?
3
Let k = -11 + 20. Suppose 0 = -3*w + 3*i + k, -1 = -2*i + 1. Suppose -5*o - 33 = -2*j, w*o + 20 = -3*j + 81. What is the units digit of j?
9
Suppose -3*a = -0*a + 9, 3*q - 2*a - 15 = 0. Suppose -q*d - 2*d = 220. What is the tens digit of 30*(d/(-20) + -1)?
3
Let o(z) = -z**3 - 4*z**2 + 2*z + 6. Let p be o(-5). Suppose 3*w + 2*w + 5*d - 40 = 0, 0 = -4*w - 3*d + 31. Suppose w = -2*l + p. What is the units digit of l?
7
Let r(a) be the third derivative of -a**4/12 - a**3/6 - 5*a**2. Let h be r(1). What is the tens digit of 231/15 + h/(-5)?
1
Let j(t) = t**3 + 4*t**2 + 3. What is the units digit of j(-2)?
1
Let t(l) = -17*l + 22. Let p(g) = -18*g + 23. Let m(h) = -5*p(h) + 6*t(h). What is the units digit of m(-6)?
9
Let f(u) = -u**3 - 9*u**2 - u - 5. Let x be f(-9). Suppose 4*z + 3*j = 255, x*z - 249 = 5*j - 2. What is the units digit of z?
3
Suppose -157*p + 145*p + 24228 = 0. What is the tens digit of p?
1
What is the tens digit of ((-1710)/(-12) - -4)*8?
7
What is the tens digit of 19487/65 + -6 - 2/(-10)?
9
Let s(f) be the second derivative of -f**4/12 + 8*f**3/3 + 4*f**2 + 4*f. What is the units digit of s(14)?
6
Let t be 68/(-10) + (-1)/5. Let m(g) = 3*g**2 + 12*g + 20. What is the units digit of m(t)?
3
Let d = 16 + -13. Suppose -6*n = -5*x - 3*n + 511, -d*x - 2*n = -318. What is the units digit of x?
4
Suppose -399*h = -395*h - 1628. What is the hundreds digit of h?
4
Suppose -2*c = -5*n + 189 + 58, -3*c - 5*n = 383. Let p be (-1)/(0 + 2)*c. Let h = p - 40. What is the tens digit of h?
2
Let l(j) = j**3 - 10*j**2 + 11*j + 11. Suppose -9 = d - 2*d. Let p be l(d). Suppose -19 = -z + 2*t, -3*z - 3*t + p = -2*z. What is the tens digit of z?
2
Suppose 2*f - 5*i + 4*i - 500 = 0, -3*i - 6